{"id":161,"date":"2024-08-22T14:25:49","date_gmt":"2024-08-22T14:25:49","guid":{"rendered":"https:\/\/jhw.com.pl\/blog\/?page_id=161"},"modified":"2024-08-23T14:48:27","modified_gmt":"2024-08-23T14:48:27","slug":"wiatru-tchnienie-o-chopinie","status":"publish","type":"page","link":"https:\/\/jhw.com.pl\/blog\/wiatru-tchnienie-o-chopinie\/","title":{"rendered":"Wiatru tchnienie o Chopinie"},"content":{"rendered":"<p><a href=\"https:\/\/jhw.com.pl\/blog\/wp-content\/uploads\/2024\/08\/wiatru_tchnienie_o_chopinie.jpg\"><img loading=\"lazy\" decoding=\"async\" class=\"alignnone wp-image-163\" src=\"https:\/\/jhw.com.pl\/blog\/wp-content\/uploads\/2024\/08\/wiatru_tchnienie_o_chopinie-300x208.jpg\" alt=\"\" width=\"600\" height=\"416\" srcset=\"https:\/\/jhw.com.pl\/blog\/wp-content\/uploads\/2024\/08\/wiatru_tchnienie_o_chopinie-300x208.jpg 300w, https:\/\/jhw.com.pl\/blog\/wp-content\/uploads\/2024\/08\/wiatru_tchnienie_o_chopinie-1024x709.jpg 1024w, https:\/\/jhw.com.pl\/blog\/wp-content\/uploads\/2024\/08\/wiatru_tchnienie_o_chopinie-768x532.jpg 768w, https:\/\/jhw.com.pl\/blog\/wp-content\/uploads\/2024\/08\/wiatru_tchnienie_o_chopinie-1000x693.jpg 1000w, https:\/\/jhw.com.pl\/blog\/wp-content\/uploads\/2024\/08\/wiatru_tchnienie_o_chopinie-230x159.jpg 230w, https:\/\/jhw.com.pl\/blog\/wp-content\/uploads\/2024\/08\/wiatru_tchnienie_o_chopinie-350x242.jpg 350w, https:\/\/jhw.com.pl\/blog\/wp-content\/uploads\/2024\/08\/wiatru_tchnienie_o_chopinie-480x332.jpg 480w, https:\/\/jhw.com.pl\/blog\/wp-content\/uploads\/2024\/08\/wiatru_tchnienie_o_chopinie.jpg 1200w\" sizes=\"auto, (max-width: 600px) 100vw, 600px\" \/><\/a><\/p>\n<p style=\"text-align: justify;\"><span id=\"alttext-container\"><span id=\"alttext\">Wiatru tchnienie o Chopinie, premiera ksi\u0105\u017cki dla dzieci<\/span><\/span><\/p>\n<p style=\"text-align: justify;\">\u201cWiatru tchnienie o Chopinie. Dzieciom w dwusetn\u0105 rocznic\u0119 urodzin Fryderyka Chopina\u201d, to ksi\u0105\u017cka o wielkim arty\u015bcie i jego wielkich dzie\u0142ach. Autorka \u2013 Jolanta Horodecka-Wieczorek w perfekcyjny spos\u00f3b zawar\u0142a najwa\u017cniejsze wydarzenia z \u017cycia i tw\u00f3rczo\u015bci artysty w 115 rymowanych zwrotkach.<\/p>\n<p style=\"text-align: justify;\">W bardzo przyst\u0119pny dla m\u0142odego czytelnika spos\u00f3b, przekaza\u0142a najwa\u017cniejsze informacje o muzyku, kt\u00f3re powinien zna\u0107 ka\u017cdy Polak. Dzi\u0119ki temu ksi\u0105\u017cka zyska\u0142a edukacyjny charakter i sta\u0142a si\u0119 jedn\u0105 z nielicznych na polskim rynku wydawniczym ksi\u0105\u017cek, po\u015bwi\u0119conych arty\u015bcie i przeznaczonych dla m\u0142odych czytelnik\u00f3w.<\/p>\n<p style=\"text-align: justify;\"><strong><em>Wiatru\u00a0<span id=\"m_5791872651486041072gmail-0.9760208417408568\">tchnienie<\/span>\u00a0o Chopinie. Dzieciom w dwusetn\u0105 rocznic\u0119 urodzin Fryderyka Chopina<span class=\"HOEnZb\"><br \/>\n<\/span><\/em><\/strong><span class=\"HOEnZb\">Jolanta Horodecka-Wieczorek<br \/>\nLiczba stron: 50<br \/>\nWymiary: 21,5 x 30,4 cm<br \/>\nOk\u0142adka: twarda<\/span><\/p>\n<p><a href=\"https:\/\/jhw.com.pl\/blog\/wp-content\/uploads\/2024\/08\/Essen-24.2.2013-spotkanie-aut1.jpg\"><img loading=\"lazy\" decoding=\"async\" class=\"alignnone wp-image-273\" src=\"https:\/\/jhw.com.pl\/blog\/wp-content\/uploads\/2024\/08\/Essen-24.2.2013-spotkanie-aut1-300x201.jpg\" alt=\"\" width=\"600\" height=\"402\" srcset=\"https:\/\/jhw.com.pl\/blog\/wp-content\/uploads\/2024\/08\/Essen-24.2.2013-spotkanie-aut1-300x201.jpg 300w, https:\/\/jhw.com.pl\/blog\/wp-content\/uploads\/2024\/08\/Essen-24.2.2013-spotkanie-aut1-768x515.jpg 768w, https:\/\/jhw.com.pl\/blog\/wp-content\/uploads\/2024\/08\/Essen-24.2.2013-spotkanie-aut1-230x154.jpg 230w, https:\/\/jhw.com.pl\/blog\/wp-content\/uploads\/2024\/08\/Essen-24.2.2013-spotkanie-aut1-350x235.jpg 350w, https:\/\/jhw.com.pl\/blog\/wp-content\/uploads\/2024\/08\/Essen-24.2.2013-spotkanie-aut1-480x322.jpg 480w, https:\/\/jhw.com.pl\/blog\/wp-content\/uploads\/2024\/08\/Essen-24.2.2013-spotkanie-aut1.jpg 800w\" sizes=\"auto, (max-width: 600px) 100vw, 600px\" \/><\/a><\/p>\n","protected":false},"excerpt":{"rendered":"<p>Wiatru tchnienie o Chopinie, premiera ksi\u0105\u017cki dla dzieci \u201cWiatru tchnienie o Chopinie. Dzieciom w dwusetn\u0105 rocznic\u0119 urodzin Fryderyka Chopina\u201d, to ksi\u0105\u017cka o [&hellip;]<\/p>\n","protected":false},"author":1,"featured_media":0,"parent":0,"menu_order":0,"comment_status":"closed","ping_status":"closed","template":"","meta":{"footnotes":""},"class_list":["post-161","page","type-page","status-publish","hentry"],"_links":{"self":[{"href":"https:\/\/jhw.com.pl\/blog\/wp-json\/wp\/v2\/pages\/161","targetHints":{"allow":["GET"]}}],"collection":[{"href":"https:\/\/jhw.com.pl\/blog\/wp-json\/wp\/v2\/pages"}],"about":[{"href":"https:\/\/jhw.com.pl\/blog\/wp-json\/wp\/v2\/types\/page"}],"author":[{"embeddable":true,"href":"https:\/\/jhw.com.pl\/blog\/wp-json\/wp\/v2\/users\/1"}],"replies":[{"embeddable":true,"href":"https:\/\/jhw.com.pl\/blog\/wp-json\/wp\/v2\/comments?post=161"}],"version-history":[{"count":6,"href":"https:\/\/jhw.com.pl\/blog\/wp-json\/wp\/v2\/pages\/161\/revisions"}],"predecessor-version":[{"id":275,"href":"https:\/\/jhw.com.pl\/blog\/wp-json\/wp\/v2\/pages\/161\/revisions\/275"}],"wp:attachment":[{"href":"https:\/\/jhw.com.pl\/blog\/wp-json\/wp\/v2\/media?parent=161"}],"curies":[{"name":"wp","href":"https:\/\/api.w.org\/{rel}","templated":true}]}}

<p><a href="https://jhw.com.pl/blog/wp-content/uploads/2024/08/wiatru_tchnienie_o_chopinie.jpg"><img loading="lazy" decoding="async" class="alignnone wp-image-163" src="https://jhw.com.pl/blog/wp-content/uploads/2024/08/wiatru_tchnienie_o_chopinie-300x208.jpg" alt="" width="600" height="416" srcset="https://jhw.com.pl/blog/wp-content/uploads/2024/08/wiatru_tchnienie_o_chopinie-300x208.jpg 300w, https://jhw.com.pl/blog/wp-content/uploads/2024/08/wiatru_tchnienie_o_chopinie-1024x709.jpg 1024w, https://jhw.com.pl/blog/wp-content/uploads/2024/08/wiatru_tchnienie_o_chopinie-768x532.jpg 768w, https://jhw.com.pl/blog/wp-content/uploads/2024/08/wiatru_tchnienie_o_chopinie-1000x693.jpg 1000w, https://jhw.com.pl/blog/wp-content/uploads/2024/08/wiatru_tchnienie_o_chopinie-230x159.jpg 230w, https://jhw.com.pl/blog/wp-content/uploads/2024/08/wiatru_tchnienie_o_chopinie-350x242.jpg 350w, https://jhw.com.pl/blog/wp-content/uploads/2024/08/wiatru_tchnienie_o_chopinie-480x332.jpg 480w, https://jhw.com.pl/blog/wp-content/uploads/2024/08/wiatru_tchnienie_o_chopinie.jpg 1200w" sizes="auto, (max-width: 600px) 100vw, 600px" /></a></p>
<p style="text-align: justify;"><span id="alttext-container"><span id="alttext">Wiatru tchnienie o Chopinie, premiera książki dla dzieci</span></span></p>
<p style="text-align: justify;">“Wiatru tchnienie o Chopinie. Dzieciom w dwusetną rocznicę urodzin Fryderyka Chopina”, to książka o wielkim artyście i jego wielkich dziełach. Autorka – Jolanta Horodecka-Wieczorek w perfekcyjny sposób zawarła najważniejsze wydarzenia z życia i twórczości artysty w 115 rymowanych zwrotkach.</p>
<p style="text-align: justify;">W bardzo przystępny dla młodego czytelnika sposób, przekazała najważniejsze informacje o muzyku, które powinien znać każdy Polak. Dzięki temu książka zyskała edukacyjny charakter i stała się jedną z nielicznych na polskim rynku wydawniczym książek, poświęconych artyście i przeznaczonych dla młodych czytelników.</p>
<p style="text-align: justify;"><strong><em>Wiatru <span id="m_5791872651486041072gmail-0.9760208417408568">tchnienie</span> o Chopinie. Dzieciom w dwusetną rocznicę urodzin Fryderyka Chopina<span class="HOEnZb"><br />
</span></em></strong><span class="HOEnZb">Jolanta Horodecka-Wieczorek<br />
Liczba stron: 50<br />
Wymiary: 21,5 x 30,4 cm<br />
Okładka: twarda</span></p>
<p><a href="https://jhw.com.pl/blog/wp-content/uploads/2024/08/Essen-24.2.2013-spotkanie-aut1.jpg"><img loading="lazy" decoding="async" class="alignnone wp-image-273" src="https://jhw.com.pl/blog/wp-content/uploads/2024/08/Essen-24.2.2013-spotkanie-aut1-300x201.jpg" alt="" width="600" height="402" srcset="https://jhw.com.pl/blog/wp-content/uploads/2024/08/Essen-24.2.2013-spotkanie-aut1-300x201.jpg 300w, https://jhw.com.pl/blog/wp-content/uploads/2024/08/Essen-24.2.2013-spotkanie-aut1-768x515.jpg 768w, https://jhw.com.pl/blog/wp-content/uploads/2024/08/Essen-24.2.2013-spotkanie-aut1-230x154.jpg 230w, https://jhw.com.pl/blog/wp-content/uploads/2024/08/Essen-24.2.2013-spotkanie-aut1-350x235.jpg 350w, https://jhw.com.pl/blog/wp-content/uploads/2024/08/Essen-24.2.2013-spotkanie-aut1-480x322.jpg 480w, https://jhw.com.pl/blog/wp-content/uploads/2024/08/Essen-24.2.2013-spotkanie-aut1.jpg 800w" sizes="auto, (max-width: 600px) 100vw, 600px" /></a></p>

<p>Wiatru tchnienie o Chopinie, premiera książki dla dzieci “Wiatru tchnienie o Chopinie. Dzieciom w dwusetną rocznicę urodzin Fryderyka Chopina”, to książka o [&hellip;]</p>
