{"id":257,"date":"2024-08-23T14:04:39","date_gmt":"2024-08-23T14:04:39","guid":{"rendered":"https:\/\/jhw.com.pl\/blog\/?page_id=257"},"modified":"2024-08-23T14:20:01","modified_gmt":"2024-08-23T14:20:01","slug":"filmy","status":"publish","type":"page","link":"https:\/\/jhw.com.pl\/blog\/filmy\/","title":{"rendered":"Filmy"},"content":{"rendered":"<p><iframe loading=\"lazy\" width=\"560\" height=\"315\" src=\"https:\/\/www.youtube.com\/embed\/1k0KZZyc8QY?si=iDmeE_eX9sCOtWiC\" title=\"YouTube video player\" frameborder=\"0\" allow=\"accelerometer; autoplay; clipboard-write; encrypted-media; gyroscope; picture-in-picture; web-share\" referrerpolicy=\"strict-origin-when-cross-origin\" allowfullscreen><\/iframe><div class=\"su-spacer\" style=\"height:20px\"><\/div>\nWywiad w TV Piotrk\u00f3w Trybunalski &#8211; 26.07.2019 r.<div class=\"su-spacer\" style=\"height:20px\"><\/div>\n<iframe loading=\"lazy\" width=\"560\" height=\"315\" src=\"https:\/\/www.youtube.com\/embed\/AVyJBwxRMA0?si=XI_Ij-J72OU8T92I\" title=\"YouTube video player\" frameborder=\"0\" allow=\"accelerometer; autoplay; clipboard-write; encrypted-media; gyroscope; picture-in-picture; web-share\" referrerpolicy=\"strict-origin-when-cross-origin\" allowfullscreen><\/iframe><div class=\"su-spacer\" style=\"height:20px\"><\/div>\nAutorka w TVP Polonia w programie Halo Polonia na \u017cywo transmitowanym na ca\u0142y \u015bwiat w dniu 30.10.2017 r.<div class=\"su-spacer\" style=\"height:20px\"><\/div>\n<iframe loading=\"lazy\" width=\"560\" height=\"315\" src=\"https:\/\/www.youtube.com\/embed\/Zzy9tim8q7M?si=sl6KGx9O1M0YDdC7\" title=\"YouTube video player\" frameborder=\"0\" allow=\"accelerometer; autoplay; clipboard-write; encrypted-media; gyroscope; picture-in-picture; web-share\" referrerpolicy=\"strict-origin-when-cross-origin\" allowfullscreen><\/iframe><div class=\"su-spacer\" style=\"height:20px\"><\/div>\nSpotkanie autorskie i wywiad z pisark\u0105 w Szkole Podstawowej Nr. 80 w Ursusie w dniu 30.11.2016 roku. Spotkanie i wywiad zorganizowane w ramach programu edukacyjno-ekologicznego przy wsp\u00f3\u0142udziale z Firm\u0105 Reeko z Warszawy.<div class=\"su-spacer\" style=\"height:20px\"><\/div>\n<iframe loading=\"lazy\" width=\"560\" height=\"315\" src=\"https:\/\/www.youtube.com\/embed\/O7DViVo11WE?si=t26Dtry3t7cijwR7\" title=\"YouTube video player\" frameborder=\"0\" allow=\"accelerometer; autoplay; clipboard-write; encrypted-media; gyroscope; picture-in-picture; web-share\" referrerpolicy=\"strict-origin-when-cross-origin\" allowfullscreen><\/iframe><div class=\"su-spacer\" style=\"height:20px\"><\/div>\nPromocja ksi\u0105\u017cki &#8222;W \u015bwiecie Fosforant\u00f3w&#8221;<div class=\"su-spacer\" style=\"height:20px\"><\/div>\n<iframe loading=\"lazy\" width=\"560\" height=\"315\" src=\"https:\/\/www.youtube.com\/embed\/YRqzTDvRmbs?si=-jDIcTyegM_nahRm\" title=\"YouTube video player\" frameborder=\"0\" allow=\"accelerometer; autoplay; clipboard-write; encrypted-media; gyroscope; picture-in-picture; web-share\" referrerpolicy=\"strict-origin-when-cross-origin\" allowfullscreen><\/iframe><div class=\"su-spacer\" style=\"height:20px\"><\/div>\nPromocja ksi\u0105\u017cki &#8222;Wiatru tchnienie o Chopinie&#8221;<div class=\"su-spacer\" style=\"height:20px\"><\/div>\n<iframe loading=\"lazy\" width=\"560\" height=\"315\" src=\"https:\/\/www.youtube.com\/embed\/ZKl3bEQdyNs?si=75TkC8nwMJQ66Doy\" title=\"YouTube video player\" frameborder=\"0\" allow=\"accelerometer; autoplay; clipboard-write; encrypted-media; gyroscope; picture-in-picture; web-share\" referrerpolicy=\"strict-origin-when-cross-origin\" allowfullscreen><\/iframe><div class=\"su-spacer\" style=\"height:20px\"><\/div>\nRozmowa z pisark\u0105 Jolant\u0105 Horodeck\u0105 &#8211; Wieczorek. Radio Strefa FM<div class=\"su-spacer\" style=\"height:20px\"><\/div>\n<iframe loading=\"lazy\" width=\"560\" height=\"315\" src=\"https:\/\/www.youtube.com\/embed\/VCQ_K55Q0BE?si=0EuHCnLBr9VWF7TT\" title=\"YouTube video player\" frameborder=\"0\" allow=\"accelerometer; autoplay; clipboard-write; encrypted-media; gyroscope; picture-in-picture; web-share\" referrerpolicy=\"strict-origin-when-cross-origin\" allowfullscreen><\/iframe><div class=\"su-spacer\" style=\"height:20px\"><\/div>\nBajk\u0119 &#8222;Bieda Malarka&#8221; czyta dzieciom Autorka. Jolanta Horodecka-Wieczorek napisa\u0142a ju\u017c 160 bajek wydanych w ponad 800 tysi\u0105cach egzemplarzy. Otrzyma\u0142a Medal Ministra Kultury i Dziedzictwa Narodowego oraz tytu\u0142 &#8222;Zas\u0142u\u017conej dla Kultury Polskiej&#8221;.<\/p>\n","protected":false},"excerpt":{"rendered":"<p>Wywiad w TV Piotrk\u00f3w Trybunalski &#8211; 26.07.2019 r. Autorka w TVP Polonia w programie Halo Polonia na \u017cywo transmitowanym na ca\u0142y \u015bwiat [&hellip;]<\/p>\n","protected":false},"author":1,"featured_media":0,"parent":0,"menu_order":0,"comment_status":"closed","ping_status":"closed","template":"","meta":{"footnotes":""},"class_list":["post-257","page","type-page","status-publish","hentry"],"_links":{"self":[{"href":"https:\/\/jhw.com.pl\/blog\/wp-json\/wp\/v2\/pages\/257","targetHints":{"allow":["GET"]}}],"collection":[{"href":"https:\/\/jhw.com.pl\/blog\/wp-json\/wp\/v2\/pages"}],"about":[{"href":"https:\/\/jhw.com.pl\/blog\/wp-json\/wp\/v2\/types\/page"}],"author":[{"embeddable":true,"href":"https:\/\/jhw.com.pl\/blog\/wp-json\/wp\/v2\/users\/1"}],"replies":[{"embeddable":true,"href":"https:\/\/jhw.com.pl\/blog\/wp-json\/wp\/v2\/comments?post=257"}],"version-history":[{"count":12,"href":"https:\/\/jhw.com.pl\/blog\/wp-json\/wp\/v2\/pages\/257\/revisions"}],"predecessor-version":[{"id":270,"href":"https:\/\/jhw.com.pl\/blog\/wp-json\/wp\/v2\/pages\/257\/revisions\/270"}],"wp:attachment":[{"href":"https:\/\/jhw.com.pl\/blog\/wp-json\/wp\/v2\/media?parent=257"}],"curies":[{"name":"wp","href":"https:\/\/api.w.org\/{rel}","templated":true}]}}

<p><iframe loading="lazy" width="560" height="315" src="https://www.youtube.com/embed/1k0KZZyc8QY?si=iDmeE_eX9sCOtWiC" title="YouTube video player" frameborder="0" allow="accelerometer; autoplay; clipboard-write; encrypted-media; gyroscope; picture-in-picture; web-share" referrerpolicy="strict-origin-when-cross-origin" allowfullscreen></iframe><div class="su-spacer" style="height:20px"></div>
Wywiad w TV Piotrków Trybunalski &#8211; 26.07.2019 r.<div class="su-spacer" style="height:20px"></div>
<iframe loading="lazy" width="560" height="315" src="https://www.youtube.com/embed/AVyJBwxRMA0?si=XI_Ij-J72OU8T92I" title="YouTube video player" frameborder="0" allow="accelerometer; autoplay; clipboard-write; encrypted-media; gyroscope; picture-in-picture; web-share" referrerpolicy="strict-origin-when-cross-origin" allowfullscreen></iframe><div class="su-spacer" style="height:20px"></div>
Autorka w TVP Polonia w programie Halo Polonia na żywo transmitowanym na cały świat w dniu 30.10.2017 r.<div class="su-spacer" style="height:20px"></div>
<iframe loading="lazy" width="560" height="315" src="https://www.youtube.com/embed/Zzy9tim8q7M?si=sl6KGx9O1M0YDdC7" title="YouTube video player" frameborder="0" allow="accelerometer; autoplay; clipboard-write; encrypted-media; gyroscope; picture-in-picture; web-share" referrerpolicy="strict-origin-when-cross-origin" allowfullscreen></iframe><div class="su-spacer" style="height:20px"></div>
Spotkanie autorskie i wywiad z pisarką w Szkole Podstawowej Nr. 80 w Ursusie w dniu 30.11.2016 roku. Spotkanie i wywiad zorganizowane w ramach programu edukacyjno-ekologicznego przy współudziale z Firmą Reeko z Warszawy.<div class="su-spacer" style="height:20px"></div>
<iframe loading="lazy" width="560" height="315" src="https://www.youtube.com/embed/O7DViVo11WE?si=t26Dtry3t7cijwR7" title="YouTube video player" frameborder="0" allow="accelerometer; autoplay; clipboard-write; encrypted-media; gyroscope; picture-in-picture; web-share" referrerpolicy="strict-origin-when-cross-origin" allowfullscreen></iframe><div class="su-spacer" style="height:20px"></div>
Promocja książki &#8222;W świecie Fosforantów&#8221;<div class="su-spacer" style="height:20px"></div>
<iframe loading="lazy" width="560" height="315" src="https://www.youtube.com/embed/YRqzTDvRmbs?si=-jDIcTyegM_nahRm" title="YouTube video player" frameborder="0" allow="accelerometer; autoplay; clipboard-write; encrypted-media; gyroscope; picture-in-picture; web-share" referrerpolicy="strict-origin-when-cross-origin" allowfullscreen></iframe><div class="su-spacer" style="height:20px"></div>
Promocja książki &#8222;Wiatru tchnienie o Chopinie&#8221;<div class="su-spacer" style="height:20px"></div>
<iframe loading="lazy" width="560" height="315" src="https://www.youtube.com/embed/ZKl3bEQdyNs?si=75TkC8nwMJQ66Doy" title="YouTube video player" frameborder="0" allow="accelerometer; autoplay; clipboard-write; encrypted-media; gyroscope; picture-in-picture; web-share" referrerpolicy="strict-origin-when-cross-origin" allowfullscreen></iframe><div class="su-spacer" style="height:20px"></div>
Rozmowa z pisarką Jolantą Horodecką &#8211; Wieczorek. Radio Strefa FM<div class="su-spacer" style="height:20px"></div>
<iframe loading="lazy" width="560" height="315" src="https://www.youtube.com/embed/VCQ_K55Q0BE?si=0EuHCnLBr9VWF7TT" title="YouTube video player" frameborder="0" allow="accelerometer; autoplay; clipboard-write; encrypted-media; gyroscope; picture-in-picture; web-share" referrerpolicy="strict-origin-when-cross-origin" allowfullscreen></iframe><div class="su-spacer" style="height:20px"></div>
Bajkę &#8222;Bieda Malarka&#8221; czyta dzieciom Autorka. Jolanta Horodecka-Wieczorek napisała już 160 bajek wydanych w ponad 800 tysiącach egzemplarzy. Otrzymała Medal Ministra Kultury i Dziedzictwa Narodowego oraz tytuł &#8222;Zasłużonej dla Kultury Polskiej&#8221;.</p>

<p>Wywiad w TV Piotrków Trybunalski &#8211; 26.07.2019 r. Autorka w TVP Polonia w programie Halo Polonia na żywo transmitowanym na cały świat [&hellip;]</p>
