{"id":276,"date":"2024-08-23T14:51:02","date_gmt":"2024-08-23T14:51:02","guid":{"rendered":"https:\/\/jhw.com.pl\/blog\/?page_id=276"},"modified":"2024-08-23T14:55:23","modified_gmt":"2024-08-23T14:55:23","slug":"audycje-radiowe","status":"publish","type":"page","link":"https:\/\/jhw.com.pl\/blog\/audycje-radiowe\/","title":{"rendered":"Audycje radiowe"},"content":{"rendered":"<p>Radio Darmstadt &#8211; Live, 02.02.2013, wywiad z Jolant\u0105 Horodeck\u0105-Wieczorek (od 8 minuty)<div class=\"su-spacer\" style=\"height:10px\"><\/div>\n<audio class=\"wp-audio-shortcode\" id=\"audio-276-1\" preload=\"none\" style=\"width: 100%;\" controls=\"controls\"><source type=\"audio\/mpeg\" src=\"https:\/\/jhw.com.pl\/blog\/wp-content\/uploads\/2024\/08\/radio_darmstad.mp3?_=1\" \/><a href=\"https:\/\/jhw.com.pl\/blog\/wp-content\/uploads\/2024\/08\/radio_darmstad.mp3\">https:\/\/jhw.com.pl\/blog\/wp-content\/uploads\/2024\/08\/radio_darmstad.mp3<\/a><\/audio><div class=\"su-spacer\" style=\"height:10px\"><\/div>\nFunkhaus Europa, Radio Berlin, 19.02.2013, wywiad z Jolant\u0105 Horodeck\u0105-Wieczorek <div class=\"su-spacer\" style=\"height:10px\"><\/div>\n<audio class=\"wp-audio-shortcode\" id=\"audio-276-2\" preload=\"none\" style=\"width: 100%;\" controls=\"controls\"><source type=\"audio\/mpeg\" src=\"https:\/\/jhw.com.pl\/blog\/wp-content\/uploads\/2024\/08\/funkhaus_europa.mp3?_=2\" \/><a href=\"https:\/\/jhw.com.pl\/blog\/wp-content\/uploads\/2024\/08\/funkhaus_europa.mp3\">https:\/\/jhw.com.pl\/blog\/wp-content\/uploads\/2024\/08\/funkhaus_europa.mp3<\/a><\/audio> <div class=\"su-spacer\" style=\"height:10px\"><\/div>\nRadio Lw\u00f3w, 11.03.2017, wywiad z Jolant\u0105 Horodeck\u0105-Wieczorek<div class=\"su-spacer\" style=\"height:10px\"><\/div>\n<audio class=\"wp-audio-shortcode\" id=\"audio-276-3\" preload=\"none\" style=\"width: 100%;\" controls=\"controls\"><source type=\"audio\/mpeg\" src=\"https:\/\/jhw.com.pl\/blog\/wp-content\/uploads\/2024\/08\/wywiad_radio_lwow.mp3?_=3\" \/><a href=\"https:\/\/jhw.com.pl\/blog\/wp-content\/uploads\/2024\/08\/wywiad_radio_lwow.mp3\">https:\/\/jhw.com.pl\/blog\/wp-content\/uploads\/2024\/08\/wywiad_radio_lwow.mp3<\/a><\/audio>\n<div class=\"su-spacer\" style=\"height:10px\"><\/div>\nRadio Lw\u00f3w, 15.04.2017, wywiad z Jolant\u0105 Horodeck\u0105-Wieczorek- wielkanocne wspomnienia<div class=\"su-spacer\" style=\"height:10px\"><\/div>\n<audio class=\"wp-audio-shortcode\" id=\"audio-276-4\" preload=\"none\" style=\"width: 100%;\" controls=\"controls\"><source type=\"audio\/mpeg\" src=\"https:\/\/jhw.com.pl\/blog\/wp-content\/uploads\/2024\/08\/wielkanocne_wspomnienia.mp3?_=4\" \/><a href=\"https:\/\/jhw.com.pl\/blog\/wp-content\/uploads\/2024\/08\/wielkanocne_wspomnienia.mp3\">https:\/\/jhw.com.pl\/blog\/wp-content\/uploads\/2024\/08\/wielkanocne_wspomnienia.mp3<\/a><\/audio>\n","protected":false},"excerpt":{"rendered":"<p>Radio Darmstadt &#8211; Live, 02.02.2013, wywiad z Jolant\u0105 Horodeck\u0105-Wieczorek (od 8 minuty) Funkhaus Europa, Radio Berlin, 19.02.2013, wywiad z Jolant\u0105 Horodeck\u0105-Wieczorek Radio [&hellip;]<\/p>\n","protected":false},"author":1,"featured_media":0,"parent":0,"menu_order":0,"comment_status":"closed","ping_status":"closed","template":"","meta":{"footnotes":""},"class_list":["post-276","page","type-page","status-publish","hentry"],"_links":{"self":[{"href":"https:\/\/jhw.com.pl\/blog\/wp-json\/wp\/v2\/pages\/276","targetHints":{"allow":["GET"]}}],"collection":[{"href":"https:\/\/jhw.com.pl\/blog\/wp-json\/wp\/v2\/pages"}],"about":[{"href":"https:\/\/jhw.com.pl\/blog\/wp-json\/wp\/v2\/types\/page"}],"author":[{"embeddable":true,"href":"https:\/\/jhw.com.pl\/blog\/wp-json\/wp\/v2\/users\/1"}],"replies":[{"embeddable":true,"href":"https:\/\/jhw.com.pl\/blog\/wp-json\/wp\/v2\/comments?post=276"}],"version-history":[{"count":5,"href":"https:\/\/jhw.com.pl\/blog\/wp-json\/wp\/v2\/pages\/276\/revisions"}],"predecessor-version":[{"id":285,"href":"https:\/\/jhw.com.pl\/blog\/wp-json\/wp\/v2\/pages\/276\/revisions\/285"}],"wp:attachment":[{"href":"https:\/\/jhw.com.pl\/blog\/wp-json\/wp\/v2\/media?parent=276"}],"curies":[{"name":"wp","href":"https:\/\/api.w.org\/{rel}","templated":true}]}}

<p>Radio Darmstadt &#8211; Live, 02.02.2013, wywiad z Jolantą Horodecką-Wieczorek (od 8 minuty)<div class="su-spacer" style="height:10px"></div>
<audio class="wp-audio-shortcode" id="audio-276-1" preload="none" style="width: 100%;" controls="controls"><source type="audio/mpeg" src="https://jhw.com.pl/blog/wp-content/uploads/2024/08/radio_darmstad.mp3?_=1" /><a href="https://jhw.com.pl/blog/wp-content/uploads/2024/08/radio_darmstad.mp3">https://jhw.com.pl/blog/wp-content/uploads/2024/08/radio_darmstad.mp3</a></audio><div class="su-spacer" style="height:10px"></div>
Funkhaus Europa, Radio Berlin, 19.02.2013, wywiad z Jolantą Horodecką-Wieczorek <div class="su-spacer" style="height:10px"></div>
<audio class="wp-audio-shortcode" id="audio-276-2" preload="none" style="width: 100%;" controls="controls"><source type="audio/mpeg" src="https://jhw.com.pl/blog/wp-content/uploads/2024/08/funkhaus_europa.mp3?_=2" /><a href="https://jhw.com.pl/blog/wp-content/uploads/2024/08/funkhaus_europa.mp3">https://jhw.com.pl/blog/wp-content/uploads/2024/08/funkhaus_europa.mp3</a></audio> <div class="su-spacer" style="height:10px"></div>
Radio Lwów, 11.03.2017, wywiad z Jolantą Horodecką-Wieczorek<div class="su-spacer" style="height:10px"></div>
<audio class="wp-audio-shortcode" id="audio-276-3" preload="none" style="width: 100%;" controls="controls"><source type="audio/mpeg" src="https://jhw.com.pl/blog/wp-content/uploads/2024/08/wywiad_radio_lwow.mp3?_=3" /><a href="https://jhw.com.pl/blog/wp-content/uploads/2024/08/wywiad_radio_lwow.mp3">https://jhw.com.pl/blog/wp-content/uploads/2024/08/wywiad_radio_lwow.mp3</a></audio>
<div class="su-spacer" style="height:10px"></div>
Radio Lwów, 15.04.2017, wywiad z Jolantą Horodecką-Wieczorek- wielkanocne wspomnienia<div class="su-spacer" style="height:10px"></div>
<audio class="wp-audio-shortcode" id="audio-276-4" preload="none" style="width: 100%;" controls="controls"><source type="audio/mpeg" src="https://jhw.com.pl/blog/wp-content/uploads/2024/08/wielkanocne_wspomnienia.mp3?_=4" /><a href="https://jhw.com.pl/blog/wp-content/uploads/2024/08/wielkanocne_wspomnienia.mp3">https://jhw.com.pl/blog/wp-content/uploads/2024/08/wielkanocne_wspomnienia.mp3</a></audio>

<p>Radio Darmstadt &#8211; Live, 02.02.2013, wywiad z Jolantą Horodecką-Wieczorek (od 8 minuty) Funkhaus Europa, Radio Berlin, 19.02.2013, wywiad z Jolantą Horodecką-Wieczorek Radio [&hellip;]</p>
